the prime factors of 7609.
7, 1087
List the prime factors of 1705.
5, 11, 31
List the prime factors of 1190.
2, 5, 7, 17
What are the prime factors of 7502?
2, 11, 31
List the prime factors of 1008.
2, 3, 7
What are the prime factors of 768?
2, 3
What are the prime factors of 48286?
2, 7, 3449
List the prime factors of 1591.
37, 43
List the prime factors of 2708.
2, 677
List the prime factors of 39138.
2, 3, 11, 593
List the prime factors of 14782.
2, 19, 389
List the prime factors of 13449.
3, 4483
List the prime factors of 6584.
2, 823
List the prime factors of 37879.
37879
List the prime factors of 695.
5, 139
What are the prime factors of 124991?
124991
List the prime factors of 930.
2, 3, 5, 31
What are the prime factors of 4822?
2, 2411
List the prime factors of 978.
2, 3, 163
List the prime factors of 38864.
2, 7, 347
List the prime factors of 292.
2, 73
List the prime factors of 2913.
3, 971
What are the prime factors of 107367?
3, 13, 2753
List the prime factors of 1181.
1181
List the prime factors of 15069.
3, 5023
What are the prime factors of 47905?
5, 11, 13, 67
List the prime factors of 644.
2, 7, 23
List the prime factors of 3814.
2, 1907
List the prime factors of 4254.
2, 3, 709
What are the prime factors of 6278?
2, 43, 73
List the prime factors of 979.
11, 89
What are the prime factors of 69161?
23, 31, 97
What are the prime factors of 11635?
5, 13, 179
List the prime factors of 828.
2, 3, 23
List the prime factors of 13143.
3, 13, 337
What are the prime factors of 89099?
139, 641
List the prime factors of 1258.
2, 17, 37
What are the prime factors of 1743?
3, 7, 83
List the prime factors of 2075.
5, 83
List the prime factors of 99783.
3, 11087
List the prime factors of 83.
83
What are the prime factors of 138502?
2, 7, 13, 761
List the prime factors of 5381.
5381
List the prime factors of 7519.
73, 103
List the prime factors of 2258.
2, 1129
What are the prime factors of 8248?
2, 1031
What are the prime factors of 11282?
2, 5641
List the prime factors of 1138.
2, 569
List the prime factors of 3084.
2, 3, 257
List the prime factors of 4397.
4397
List the prime factors of 46004.
2, 7, 31, 53
List the prime factors of 2745.
3, 5, 61
What are the prime factors of 15780?
2, 3, 5, 263
List the prime factors of 148.
2, 37
List the prime factors of 217.
7, 31
List the prime factors of 3514.
2, 7, 251
List the prime factors of 1179.
3, 131
What are the prime factors of 639?
3, 71
List the prime factors of 110699.
23, 4813
What are the prime factors of 756?
2, 3, 7
What are the prime factors of 27378?
2, 3, 13
List the prime factors of 3674.
2, 11, 167
What are the prime factors of 582?
2, 3, 97
List the prime factors of 14705.
5, 17, 173
What are the prime factors of 10997?
7, 1571
What are the prime factors of 68234?
2, 109, 313
What are the prime factors of 16683?
3, 67, 83
List the prime factors of 280.
2, 5, 7
List the prime factors of 2377.
2377
List the prime factors of 26100.
2, 3, 5, 29
List the prime factors of 51217.
51217
List the prime factors of 34002.
2, 3, 1889
What are the prime factors of 1967?
7, 281
List the prime factors of 405.
3, 5
What are the prime factors of 11103?
3, 3701
List the prime factors of 5422.
2, 2711
What are the prime factors of 107468?
2, 67, 401
List the prime factors of 1202.
2, 601
What are the prime factors of 51609?
3, 17203
List the prime factors of 2549.
2549
What are the prime factors of 1337?
7, 191
List the prime factors of 1409.
1409
What are the prime factors of 746?
2, 373
What are the prime factors of 30376?
2, 3797
List the prime factors of 72868.
2, 18217
What are the prime factors of 417?
3, 139
What are the prime factors of 14611?
19, 769
What are the prime factors of 2457?
3, 7, 13
What are the prime factors of 216?
2, 3
What are the prime factors of 3333?
3, 11, 101
List the prime factors of 2656.
2, 83
What are the prime factors of 2966?
2, 1483
List the prime factors of 394.
2, 197
What are the prime factors of 4176?
2, 3, 29
List the prime factors of 32833.
32833
What are the prime factors of 3540?
2, 3, 5, 59
What are the prime factors of 146?
2, 73
List the prime factors of 19592.
2, 31, 79
What are the prime factors of 260?
2, 5, 13
List the prime factors of 1353.
3, 11, 41
What are the prime factors of 2696?
2, 337
What are the prime factors of 21717?
3, 19, 127
What are the prime factors of 986?
2, 17, 29
What are the prime factors of 2621?
2621
What are the prime factors of 6869?
6869
What are the prime factors of 5268?
2, 3, 439
What are the prime factors of 1958?
2, 11, 89
What are the prime factors of 293?
293
List the prime factors of 31696.
2, 7, 283
What are the prime factors of 26912?
2, 29
List the prime factors of 1292.
2, 17, 19
List the prime factors of 2657.
2657
What are the prime factors of 22339?
89, 251
List the prime factors of 4456.
2, 557
List the prime factors of 13054.
2, 61, 107
List the prime factors of 35580.
2, 3, 5, 593
List the prime factors of 1974.
2, 3, 7, 47
List the prime factors of 2049.
3, 683
What are the prime factors of 44477?
79, 563
What are the prime factors of 1861?
1861
What are the prime factors of 16860?
2, 3, 5, 281
What are the prime factors of 72050?
2, 5, 11, 131
List the prime factors of 140.
2, 5, 7
List the prime factors of 91068.
2, 3, 7589
List the prime factors of 91649.
37, 2477
What are the prime factors of 62975?
5, 11, 229
What are the prime factors of 9013?
9013
List the prime factors of 5816.
2, 727
List the prime factors of 3802.
2, 1901
List the prime factors of 101230.
2, 5, 53, 191
List the prime factors of 1292.
2, 17, 19
What are the prime factors of 432?
2, 3
What are the prime factors of 52729?
67, 787
What are the prime factors of 50489?
29, 1741
What are the prime factors of 3991?
13, 307
What are the prime factors of 37657?
37657
What are the prime factors of 1297?
1297
List the prime factors of 622.
2, 311
List the prime factors of 23853.
3, 7951
List the prime factors of 1648.
2, 103
List the prime factors of 13266.
2, 3, 11, 67
What are the prime factors of 19994?
2, 13, 769
List the prime factors of 11014.
2, 5507
What are the prime factors of 11958?
2, 3, 1993
What are the prime factors of 69844?
2, 19, 919
List the prime factors of 195.
3, 5, 13
List the prime factors of 378.
2, 3, 7
List the prime factors of 13456.
2, 29
What are the prime factors of 2800?
2, 5, 7
List the prime factors of 4693.
13, 19
List the prime factors of 26528.
2, 829
List the prime factors of 6.
2, 3
List the prime factors of 216.
2, 3
What are the prime factors of 3122?
2, 7, 223
List the prime factors of 2147.
19, 113
What are the prime factors of 2884?
2, 7, 103
List the prime factors of 9829.
9829
List the prime factors of 51562.
2, 7, 29, 127
List the prime factors of 5613.
3, 1871
What are the prime factors of 814?
2, 11, 37
List the prime factors of 5571.
3, 619
List the prime factors of 18716.
2, 4679
List the prime factors of 276.
2, 3, 23
What are the prime factors of 951?
3, 317
What are the prime factors of 16979?
16979
What are the prime factors of 888?
2, 3, 37
List the prime factors of 100.
2, 5
What are the prime factors of 710?
2, 5, 71
List the prime factors of 2723.
7, 389
List the prime factors of 8330.
2, 5, 7, 17
List the prime factors of 19408.
2, 1213
What are the prime factors of 44591?
17, 43, 61
List the prime factors of 10377.
3, 1153
List the prime factors of 635.
5, 127
List the prime factors of 5818.
2, 2909
List the prime factors of 1384.
2, 173
List the prime factors of 2691.
3, 13, 23
What are the prime factors of 6303?
3, 11, 191
What are the prime factors of 147089?
147089
List the prime factors of 42471.
3, 11, 13
List the prime factors of 2918.
2, 1459
What are the prime factors of 19482?
2, 3, 17, 191
What are the prime factors of 3774?
2, 3, 17, 37
List the prime factors of 2926.
2, 7, 11, 19
What are the prime factors of 1536?
2, 3
What are the prime factors of 1655?
5, 331
What are the prime factors of 69?
3, 23
List the prime factors of 1264.
2, 79
What are the prime factors of 1068?
2, 3, 89
What are the prime factors of 81624?
2, 3, 19, 179
What are the prime factors of 8661?
3, 2887
What are the prime factors of 2429?
7, 347
What are the prime factors of 62115?
3, 5